{"id":10099,"date":"2022-11-23T15:52:28","date_gmt":"2022-11-23T15:52:28","guid":{"rendered":"https:\/\/practical-pascal.5-9-123-216.plesk.page\/?post_type=product&#038;p=10099"},"modified":"2022-11-23T15:52:34","modified_gmt":"2022-11-23T15:52:34","slug":"la-stampante-laser-a-colori-olivetti-d-color-p2230","status":"publish","type":"product","link":"https:\/\/lufficio.it\/?product=la-stampante-laser-a-colori-olivetti-d-color-p2230","title":{"rendered":"La stampante laser a colori Olivetti d-Color P2230"},"content":{"rendered":"<p>La stampante laser a colori Olivetti d-Color P2230 rappresenta la soluzione ideale per gruppi di lavoro di piccole e medie dimensioni.<\/p>\n<p>Oltre a essere robusta, compatta e silenziosa, si caratterizza per l\u2019<strong>alta affidabilit\u00e0<\/strong>, l\u2019<strong>ottima qualit\u00e0 di stampa<\/strong>, il\u00a0<strong>costo di esercizio contenuto\u00a0<\/strong>e le funzionalit\u00e0 indispensabili per un uso quotidiano professionale.<\/p>\n<p>&nbsp;<\/p>\n<p><strong>VANTAGGI<\/strong><\/p>\n<ul>\n<li>Stampa mobile: Airprint e Olivetti Mobile Print App<\/li>\n<li>Interfaccia wireless opzionale<\/li>\n<li>La conformit\u00e0 ai pi\u00f9 recenti standard ambientali \u00e8 garantita da basse emissioni di ozono, ridotta rumorosit\u00e0, limitato consumo energetico e dalla lunga durata dei componenti.<\/li>\n<\/ul>\n","protected":false},"excerpt":{"rendered":"<ul>\n<li>Velocit\u00e0 di stampa fino a 30 pagine al minuto b\/n e a colori<\/li>\n<li>Tempo di uscita prima pagina inferiore a 6\/7 sec. In b\/n e colore<\/li>\n<li>Risoluzione di stampa 1.200 x 1.200 DPI<\/li>\n<li>Potente processore da 1.2 GHZ<\/li>\n<li>Memoria standard di 1 GB, max 1 GB + 128 GB SSD<\/li>\n<\/ul>\n","protected":false},"featured_media":10130,"comment_status":"open","ping_status":"closed","template":"","meta":{"_joinchat":[]},"product_cat":[185,186],"product_tag":[],"class_list":{"0":"post-10099","1":"product","2":"type-product","3":"status-publish","4":"has-post-thumbnail","6":"product_cat-stampanti","7":"product_cat-stampanti-digitale-colore","9":"first","10":"instock","11":"shipping-taxable","12":"product-type-simple"},"_links":{"self":[{"href":"https:\/\/lufficio.it\/index.php?rest_route=\/wp\/v2\/product\/10099","targetHints":{"allow":["GET"]}}],"collection":[{"href":"https:\/\/lufficio.it\/index.php?rest_route=\/wp\/v2\/product"}],"about":[{"href":"https:\/\/lufficio.it\/index.php?rest_route=\/wp\/v2\/types\/product"}],"replies":[{"embeddable":true,"href":"https:\/\/lufficio.it\/index.php?rest_route=%2Fwp%2Fv2%2Fcomments&post=10099"}],"version-history":[{"count":0,"href":"https:\/\/lufficio.it\/index.php?rest_route=\/wp\/v2\/product\/10099\/revisions"}],"wp:featuredmedia":[{"embeddable":true,"href":"https:\/\/lufficio.it\/index.php?rest_route=\/wp\/v2\/media\/10130"}],"wp:attachment":[{"href":"https:\/\/lufficio.it\/index.php?rest_route=%2Fwp%2Fv2%2Fmedia&parent=10099"}],"wp:term":[{"taxonomy":"product_cat","embeddable":true,"href":"https:\/\/lufficio.it\/index.php?rest_route=%2Fwp%2Fv2%2Fproduct_cat&post=10099"},{"taxonomy":"product_tag","embeddable":true,"href":"https:\/\/lufficio.it\/index.php?rest_route=%2Fwp%2Fv2%2Fproduct_tag&post=10099"}],"curies":[{"name":"wp","href":"https:\/\/api.w.org\/{rel}","templated":true}]}}